{"id":150,"date":"2022-10-10T11:13:22","date_gmt":"2022-10-10T09:13:22","guid":{"rendered":"https:\/\/test.netren.pl\/index.php\/mesmerize\/"},"modified":"2023-01-05T10:50:50","modified_gmt":"2023-01-05T09:50:50","slug":"mesmerize","status":"publish","type":"page","link":"https:\/\/netren.pl\/","title":{"rendered":"Front Page"},"content":{"rendered":"<div  data-label=\"Linki\" data-id=\"overlappable--1\" data-export-id=\"overlappable-4\" data-category=\"overlappable\" class=\"overlappable-4 content-section content-section-spacing\" data-overlap=\"true\" id=\"linki\" style=\"background-color: rgb(255, 255, 255);\"><div  class=\"gridContainer\"> <div  data-type=\"row\" class=\"row spaced-cols text-center\"><div  class=\"col-xs-12 col-sm-4 col-padding\"> <a data-cp-link=\"1\" href=\"#internet\" target=\"_self\" rel=\"noopener\"><i  class=\"fa icon shadow-large-black aligncenter color1 fa-globe reverse round large\"><\/i><\/a> <div  data-type=\"column\" class=\"\"> <h5  class=\"\">INTERNET<\/h5> <\/div> <\/div> <div  class=\"col-xs-12 col-sm-4 col-padding\"> <a data-cp-link=\"1\" href=\"#telewizja\" target=\"_self\" rel=\"noopener\"><i  class=\"fa icon shadow-large-black aligncenter color1 fa-tv reverse round large\"><\/i><\/a> <div  data-type=\"column\" class=\"\"><h5  class=\"\">TELEWIZJA<\/h5> <\/div> <\/div> <div  class=\"col-xs-12 col-sm-4 col-padding\"> <a data-cp-link=\"1\" href=\"#\" target=\"_self\" rel=\"noopener\"><\/a><a data-cp-link=\"1\" href=\"#monitoring\" target=\"_self\" rel=\"noopener\"><i  class=\"fa icon shadow-large-black aligncenter color1 fa-file-movie-o reverse round large\"><\/i><\/a> <div  data-type=\"column\" class=\"\"><h5  class=\"\">MONITORING<\/h5> <\/div> <\/div><\/div> <\/div><\/div><div  data-label=\"Internet\" data-id=\"about--1\" data-export-id=\"about-4\" data-category=\"about\" class=\"about-4 content-section content-section-spacing\" id=\"internet\" style=\"background-color: rgb(245, 250, 253);\"><div  class=\"gridContainer\"> <div  class=\"row middle-sm text-center\"><div  class=\"col-sm-5 space-bottom-xs\" data-type=\"column\">  <h2  class=\"\">\n<br >INTERNET<\/h2><p  class=\"\">Superszybki internet \u015bwiat\u0142owodowy w technologi GPON \u2013 standard FTTH (Fiber To The Home \u2013 \u015bwiat\u0142ow\u00f3d w mieszkaniu).<\/p><h5  class=\"\"><\/h5> <p  class=\"\">Ogl\u0105daj filmy online \u2013 bez zaci\u0119\u0107<br >Graj w gry \u2013 bez op\u00f3\u017anie\u0144<br >Pobieraj pliki \u2013 b\u0142yskawicznie<br >Ko\u017cystaj z internetu bez problem\u00f3w i limit\u00f3w<br >Mo\u017cliwo\u015b\u0107 uzyskania w\u0142asnego adresu IP<br >Przepustowo\u015b\u0107 do klienta indywidualnego nawet 300 Mbit\/s.<br >Dla firm superszybki, \u015bwiat\u0142owodowy internet symetryczny od 60 Mbit\/s. Mo\u017cliwo\u015b\u0107 uzyskania w\u0142asnego adresu IP<br >Wykaz miejscowo\u015bci obs\u0142ugiwanyxh przez NETREN s.c. : Przemy\u015bl(Lipowica), Radymno, Sko\u0142osz\u00f3w, Zamojsce, Zab\u0142otce, Tr\u00f3jczyce, Wac\u0142awice, Olszynka, Kaszyce, Hnatkowice, \u015awi\u0119te.<br >Wkr\u00f3tce: Przemy\u015bl (Zniesienie, \u015ar\u00f3dmie\u015bcie, Grunwaldzka i okolice), Orzechowce, Ujkowice.<br >Dodatkowo oferujemy spawanie \u015bwiat\u0142owod\u00f3w, dob\u00f3r sprz\u0119tu oraz konfiguracj\u0119 urz\u0105dze\u0144 dla us\u0142ug internetowych. Wykonujemy sieci \u015bwiat\u0142owodowe w budynkach wielorodzinnych oraz biurowych.<\/p> <a class=\"button color1\" href=\"https:\/\/netren.pl\/wp-content\/uploads\/2023\/01\/cennik.pdf\" target=\"_blank\" data-cp-link=\"1\" rel=\"noopener\">CENNIK<\/a><a class=\"button blue\" href=\"https:\/\/netren.pl\/wp-content\/uploads\/2022\/10\/regulamin.pdf\" target=\"_blank\" data-cp-link=\"1\" rel=\"noopener\">REGULAMIN<\/a><\/div> <div  class=\"col-sm-7 flexbox center-xs middle-xs image-group-2-img\"> <a data-cp-link=\"1\" href=\"#\" class=\"img-1-anchor\" target=\"_self\" rel=\"noopener\"><img decoding=\"async\"  class=\"img-1 shadow-large\" data-size=\"250x200\" src=\"https:\/\/netren.pl\/wp-content\/uploads\/2022\/10\/cropped-strona8.jpg\"><\/a> <a data-cp-link=\"1\" href=\"#\" class=\"img-2-anchor\" target=\"_self\" rel=\"noopener\"><img decoding=\"async\"  class=\"img-2 shadow-large\" data-size=\"220x170\" src=\"https:\/\/netren.pl\/wp-content\/uploads\/2022\/10\/strona6.jpg\"><\/a><\/div> <\/div><\/div> <\/div><div  data-label=\"Telewizja\" data-id=\"about--2\" data-export-id=\"about-1\" data-category=\"about\" class=\"about-1 content-section\" id=\"telewizja\" style=\"background-color: rgb(255, 255, 255);\"><div  class=\"gridContainer\"> <div  class=\"row text-center\"><div  class=\"section-title-col\" data-type=\"column\">  <h2  class=\"\">\n<br >TELEWIZJA<\/h2> <p  class=\"lead\">TELEWIZJA na TWOICH zasadach<br >\u2013 Ogl\u0105daj , gdzie chcesz przez internet od dowolnego dostawcy<br >\u2013 90 dni wszystkie programy za 1 z\u0142<br >\u2013 Nowoczesny dekoder za 11 z\u0142 \/ mies.<br ><br >PRZETESTUJ BEZ RYZYKA \u2013 90 dni na podj\u0119cie decyzji o wyborze pakietu lub odst\u0105pieniu od umowy<br >Telewizja nast\u0119pnej generacji od NETREN \u2013 sam decydujesz kiedy ogl\u0105dasz ulubione programy, a wszystko bez konieczno\u015bci nagrywania.<br >Masz dost\u0119p do nowoczesnych us\u0142ug:<br >CatchUP \u2013 wszystkie programy mo\u017cesz ogl\u0105da\u0107 do 3 dni wstecz<br >Timeshift umo\u017cliwia przesuni\u0119cie odtwarzania obrazu na dowoln\u0105 sekund\u0119 programu wstecz lub do przodu.<br >Pause TV \u2013 pauzowanie programu podczas jego ogl\u0105dania.<br >Start Over TV \u2013 uruchomienie ogl\u0105dania proramu od pocz\u0105tku<br >Multiroom \u2013 mo\u017cliwo\u015b\u0107 odbierania us\u0142ugi na wielu dekoderch w ramach jednego abonamentu<\/p><\/div> <\/div> <div  class=\"row\"> <div  class=\"button-holder space-bottom space-bottom-small\" data-type=\"column\"><a class=\"button blue\" href=\"https:\/\/netren.pl\/wp-content\/uploads\/2022\/10\/cennik_tv.pdf\" target=\"_self\" data-cp-link=\"1\" rel=\"noopener\">CENNIK<\/a> <a class=\"button blue\" href=\"https:\/\/netren.pl\/wp-content\/uploads\/2022\/10\/pakiety.pdf\" target=\"_self\" data-cp-link=\"1\" rel=\"noopener\">PAKIETY<\/a><\/div> <div  class=\"col-xs bottom-xs flexbox image-group-bottom-3-img space-bottom-xs center-xs\"> <a data-cp-link=\"1\" href=\"#\" class=\"left-img-anchor\" target=\"_self\" rel=\"noopener\"><img decoding=\"async\"  class=\"left-img shadow-large-black\" data-size=\"500x300\" src=\"https:\/\/netren.pl\/wp-content\/uploads\/2022\/10\/strona5.jpg\"><\/a> <img decoding=\"async\"  class=\"center-img shadow-large-black\" data-size=\"500x300\" src=\"https:\/\/netren.pl\/wp-content\/uploads\/2022\/10\/strona9.jpg\" title=\"strona9\" alt=\"\"> <img decoding=\"async\"  class=\"right-img shadow-large-black\" data-size=\"500x300\" src=\"https:\/\/netren.pl\/wp-content\/uploads\/2022\/10\/strona4.jpg\" title=\"strona4\" alt=\"\"><\/div> <\/div><\/div> <\/div><div  data-label=\"Monitoring\" data-id=\"about--3\" data-export-id=\"about-10\" data-category=\"about\" class=\"about-10 content-section content-section-spacing\" id=\"monitoring\" style=\"background-color: rgb(245, 250, 253);\"><div  class=\"gridContainer\"> <div  class=\"row middle-sm text-center\"><div  class=\"col-sm-5 space-bottom-xs content-column\" data-type=\"column\">  <h2  class=\"\">MONITORING<\/h2> <p  class=\"\">Chcesz zadba\u0107 o swoje bezpiecze\u0144stwo i uchroni\u0107 twoje mienie przed kradzie\u017c\u0105. Chcesz obserwowa\u0107 sw\u00f3j dom zawsze gdy b\u0119dziesz mia\u0142 na to ochot\u0119. Za\u0142\u00f3\u017c monitoring.<br ><br >Zapewnimy doradztwo oraz monta\u017c dobranych specjalnie dla Pa\u0144stwa kamer.<\/p> <\/div> <div  class=\"col-sm-7 flexbox middle-xs center-xs space-bottom-xs\"><div  class=\"overlay-box middle-xs center-xs flexbox\"> <div  class=\"overlay-box-offset offset-border shadow-medium border-color1 hide-xs\"><\/div> <a data-cp-link=\"1\" href=\"#\" target=\"_self\" rel=\"noopener\"><img decoding=\"async\"  class=\"shadow-large\" data-size=\"485x705\" src=\"https:\/\/netren.pl\/wp-content\/uploads\/2022\/10\/strona2.jpg\" title=\"movie director dog\" alt=\"\"><\/a><\/div> <\/div><\/div> <\/div><\/div><div  data-label=\"Kontakt\" data-id=\"content--1\" data-export-id=\"content-12\" data-category=\"content\" class=\"content-12 content-section content-section-spacing\" id=\"kontakt\" style=\"background-color: rgb(255, 255, 255);\"><div  class=\"gridContainer\"> <div  class=\"row text-center\"><div  class=\"section-title-col\" data-type=\"column\"> <h2  class=\"\">KONTAKT<\/h2> <p  class=\"lead\"><\/p><p  class=\"lead\">\n\n<\/p><div  class=\"\">Firma NETREN dostarcza us\u0142ugi dost\u0119pu do internetu w Przemy\u015blu i okolicznych gminach od 2008 roku.<\/div><div  class=\"\">Misj\u0105 firmy jest dostarczenie najwy\u017cszej jako\u015bci us\u0142ug, dopasowanych do indywidualnych potrzeb w korzystnej cenie.<\/div><div  class=\"\">Us\u0142ugi telekomunikacyjne dostarczamy za po\u015brednictwem sieci pracuj\u0105cej zar\u00f3wno w technologi \u015bwiat\u0142owodowej jak i bezprzewodowej.<\/div>\nWsp\u00f3\u0142praca z najlepszymi operatorami, zapewnia nam dost\u0119p do najnowszych technologii i sprz\u0119tu.<p  class=\"lead\"><\/p><p  class=\"lead\">\n\n\n<\/p><div  class=\"\">NETREN s.c.<\/div><div  class=\"\">ul. Kasztanowa 38<\/div><div  class=\"\">37-710 \u017burawica<\/div><div  class=\"\">NIP: 7952540925&nbsp; &nbsp; &nbsp; &nbsp;REGON: 366601115<\/div><\/div> <\/div> <div  class=\"row center-xs middle-xs\"> <div  class=\"col-sm-9\" data-type=\"column\"> <a data-cp-link=\"1\" href=\"#\" class=\"\" target=\"_self\" rel=\"noopener\"><img decoding=\"async\"  class=\"shadow-large\" src=\"https:\/\/netren.pl\/wp-content\/uploads\/2022\/10\/strona7-1-768x512-1.jpg\"><\/a><\/div> <\/div><\/div> <\/div>","protected":false},"excerpt":{"rendered":"<p>INTERNET TELEWIZJA MONITORING INTERNETSuperszybki internet \u015bwiat\u0142owodowy w technologi GPON \u2013 standard FTTH (Fiber To The Home \u2013 \u015bwiat\u0142ow\u00f3d w mieszkaniu). Ogl\u0105daj filmy online \u2013 bez zaci\u0119\u0107Graj w gry \u2013 bez op\u00f3\u017anie\u0144Pobieraj pliki \u2013 b\u0142yskawicznieKo\u017cystaj z internetu bez problem\u00f3w i limit\u00f3wMo\u017cliwo\u015b\u0107 uzyskania w\u0142asnego adresu IPPrzepustowo\u015b\u0107 do klienta indywidualnego nawet 300 Mbit\/s.Dla firm superszybki, \u015bwiat\u0142owodowy internet symetryczny&hellip; <br \/> <a class=\"read-more\" href=\"https:\/\/netren.pl\/\">Dowiedz si\u0119 wi\u0119cej<\/a><\/p>\n","protected":false},"author":2,"featured_media":0,"parent":0,"menu_order":0,"comment_status":"closed","ping_status":"closed","template":"page-templates\/homepage.php","meta":{"footnotes":""},"class_list":["post-150","page","type-page","status-publish","hentry"],"_links":{"self":[{"href":"https:\/\/netren.pl\/index.php\/wp-json\/wp\/v2\/pages\/150","targetHints":{"allow":["GET"]}}],"collection":[{"href":"https:\/\/netren.pl\/index.php\/wp-json\/wp\/v2\/pages"}],"about":[{"href":"https:\/\/netren.pl\/index.php\/wp-json\/wp\/v2\/types\/page"}],"author":[{"embeddable":true,"href":"https:\/\/netren.pl\/index.php\/wp-json\/wp\/v2\/users\/2"}],"replies":[{"embeddable":true,"href":"https:\/\/netren.pl\/index.php\/wp-json\/wp\/v2\/comments?post=150"}],"version-history":[{"count":18,"href":"https:\/\/netren.pl\/index.php\/wp-json\/wp\/v2\/pages\/150\/revisions"}],"predecessor-version":[{"id":205,"href":"https:\/\/netren.pl\/index.php\/wp-json\/wp\/v2\/pages\/150\/revisions\/205"}],"wp:attachment":[{"href":"https:\/\/netren.pl\/index.php\/wp-json\/wp\/v2\/media?parent=150"}],"curies":[{"name":"wp","href":"https:\/\/api.w.org\/{rel}","templated":true}]}}